{"id":6404,"date":"2023-08-18T14:08:43","date_gmt":"2023-08-18T12:08:43","guid":{"rendered":"https:\/\/festiwal.ifps.org.pl\/?page_id=6404"},"modified":"2023-08-18T14:46:39","modified_gmt":"2023-08-18T12:46:39","slug":"mobilne-laboratoria-przyszlosci","status":"publish","type":"page","link":"https:\/\/festiwal.ifps.org.pl\/en\/mobilne-laboratoria-przyszlosci\/","title":{"rendered":"Mobilne Laboratoria Przysz\u0142o\u015bci"},"content":{"rendered":"\n<p>Z okazji tegorocznego Festiwalu w Kajetanach zagoszcz\u0105 Mobilne Laboratoria Przysz\u0142o\u015bci. To 16 ekip edukator\u00f3w, kt\u00f3re prowadz\u0105 warsztaty z wykorzystaniem nowoczesnego sprz\u0119tu dost\u0119pnego w szko\u0142ach dzi\u0119ki najwi\u0119kszemu rz\u0105dowemu programowi \u201eLaboratoria Przysz\u0142o\u015bci\u201d.<\/p>\n\n\n\n<p>Edukatorzy tworz\u0105 na miejscu przestrze\u0144 do zabawy i eksperyment\u00f3w, do kreatywnego my\u015blenia i szukania konstruktywnych rozwi\u0105za\u0144. Ucz\u0105 pracy zespo\u0142owej i odkrywania szkolnych supermocy, czyli naturalnych predyspozycji i talent\u00f3w m\u0142odych ludzi. Dla jednych b\u0119d\u0105 to pomys\u0142y na automatyzacj\u0119, dla innych zbudowanie robota, dla innych jeszcze nauka podstaw programowania. Podczas warsztat\u00f3w edukatorzy b\u0119d\u0105 rozwija\u0107 zainteresowania umiej\u0119tno\u015bciami, kt\u00f3re pozwol\u0105 uczniom wykorzysta\u0107 technologi\u0119 w spos\u00f3b zgodny z predyspozycjami uczni\u00f3w. Przeniesienie si\u0119 w wirtualn\u0105 rzeczywisto\u015b\u0107 czy kr\u0119cenie filmu za pomoc\u0105 najnowocze\u015bniejszej kamery to marzenia wielu m\u0142odych ludzi. Teraz \u2013 aby je spe\u0142ni\u0107 \u2013 wystarczy chodzi\u0107 do szko\u0142y.&nbsp;<\/p>\n\n\n\n<p>Zapraszamy naszych Pacjent\u00f3w!<\/p>\n\n\n\n<p><strong>Pi\u0105tek 25.08.2023 w godzinach 10-18<\/strong><\/p>\n\n\n\n<p><strong>Sobota 26.08.2023 w godzinach 13-18<\/strong><\/p>\n\n\n\n<p><\/p>\n\n\n\n<h2 class=\"wp-block-heading\"><\/h2>\n\n\n\n<figure class=\"wp-block-gallery has-nested-images columns-default is-cropped wp-block-gallery-1 is-layout-flex wp-block-gallery-is-layout-flex\">\n<figure class=\"wp-block-image size-large\"><img loading=\"lazy\" decoding=\"async\" width=\"1024\" height=\"683\" data-id=\"6415\" src=\"https:\/\/festiwal.ifps.org.pl\/wp-content\/uploads\/2023\/08\/DSC_4009-1024x683.jpg\" alt=\"\" class=\"wp-image-6415\" srcset=\"https:\/\/festiwal.ifps.org.pl\/wp-content\/uploads\/2023\/08\/DSC_4009-1024x683.jpg 1024w, https:\/\/festiwal.ifps.org.pl\/wp-content\/uploads\/2023\/08\/DSC_4009-300x200.jpg 300w, https:\/\/festiwal.ifps.org.pl\/wp-content\/uploads\/2023\/08\/DSC_4009-768x513.jpg 768w, https:\/\/festiwal.ifps.org.pl\/wp-content\/uploads\/2023\/08\/DSC_4009-1536x1025.jpg 1536w, https:\/\/festiwal.ifps.org.pl\/wp-content\/uploads\/2023\/08\/DSC_4009-2048x1367.jpg 2048w, https:\/\/festiwal.ifps.org.pl\/wp-content\/uploads\/2023\/08\/DSC_4009-200x133.jpg 200w, https:\/\/festiwal.ifps.org.pl\/wp-content\/uploads\/2023\/08\/DSC_4009-480x320.jpg 480w, https:\/\/festiwal.ifps.org.pl\/wp-content\/uploads\/2023\/08\/DSC_4009-221x147.jpg 221w\" sizes=\"(max-width: 1024px) 100vw, 1024px\" \/><\/figure>\n\n\n\n<figure class=\"wp-block-image size-large\"><img loading=\"lazy\" decoding=\"async\" width=\"1024\" height=\"683\" data-id=\"6427\" src=\"https:\/\/festiwal.ifps.org.pl\/wp-content\/uploads\/2023\/08\/DSC_6380-1024x683.jpg\" alt=\"\" class=\"wp-image-6427\" srcset=\"https:\/\/festiwal.ifps.org.pl\/wp-content\/uploads\/2023\/08\/DSC_6380-1024x683.jpg 1024w, https:\/\/festiwal.ifps.org.pl\/wp-content\/uploads\/2023\/08\/DSC_6380-300x200.jpg 300w, https:\/\/festiwal.ifps.org.pl\/wp-content\/uploads\/2023\/08\/DSC_6380-768x512.jpg 768w, https:\/\/festiwal.ifps.org.pl\/wp-content\/uploads\/2023\/08\/DSC_6380-1536x1024.jpg 1536w, https:\/\/festiwal.ifps.org.pl\/wp-content\/uploads\/2023\/08\/DSC_6380-2048x1365.jpg 2048w, https:\/\/festiwal.ifps.org.pl\/wp-content\/uploads\/2023\/08\/DSC_6380-200x133.jpg 200w, https:\/\/festiwal.ifps.org.pl\/wp-content\/uploads\/2023\/08\/DSC_6380-480x320.jpg 480w, https:\/\/festiwal.ifps.org.pl\/wp-content\/uploads\/2023\/08\/DSC_6380-221x147.jpg 221w\" sizes=\"(max-width: 1024px) 100vw, 1024px\" \/><\/figure>\n\n\n\n<figure class=\"wp-block-image size-large\"><img loading=\"lazy\" decoding=\"async\" width=\"1024\" height=\"683\" data-id=\"6433\" src=\"https:\/\/festiwal.ifps.org.pl\/wp-content\/uploads\/2023\/08\/FKR_1516-1024x683.jpg\" alt=\"\" class=\"wp-image-6433\" srcset=\"https:\/\/festiwal.ifps.org.pl\/wp-content\/uploads\/2023\/08\/FKR_1516-1024x683.jpg 1024w, https:\/\/festiwal.ifps.org.pl\/wp-content\/uploads\/2023\/08\/FKR_1516-300x200.jpg 300w, https:\/\/festiwal.ifps.org.pl\/wp-content\/uploads\/2023\/08\/FKR_1516-768x512.jpg 768w, https:\/\/festiwal.ifps.org.pl\/wp-content\/uploads\/2023\/08\/FKR_1516-1536x1024.jpg 1536w, https:\/\/festiwal.ifps.org.pl\/wp-content\/uploads\/2023\/08\/FKR_1516-2048x1365.jpg 2048w, https:\/\/festiwal.ifps.org.pl\/wp-content\/uploads\/2023\/08\/FKR_1516-200x133.jpg 200w, https:\/\/festiwal.ifps.org.pl\/wp-content\/uploads\/2023\/08\/FKR_1516-480x320.jpg 480w, https:\/\/festiwal.ifps.org.pl\/wp-content\/uploads\/2023\/08\/FKR_1516-221x147.jpg 221w\" sizes=\"(max-width: 1024px) 100vw, 1024px\" \/><\/figure>\n<\/figure>\n\n\n\n<h2 class=\"wp-block-heading\">Wi\u0119cej: <a href=\"https:\/\/ibe.edu.pl\/index.php\/pl\/aktualnosci\/1916-mobilne-laboratoria-przyszlosci-najnowsze-technologie-dla-wszystkich-uczniow\">https:\/\/ibe.edu.pl\/index.php\/pl\/aktualnosci\/1916-mobilne-laboratoria-przyszlosci-najnowsze-technologie-dla-wszystkich-uczniow<\/a><\/h2>\n","protected":false},"excerpt":{"rendered":"<p>Z okazji tegorocznego Festiwalu w Kajetanach zagoszcz\u0105 Mobilne Laboratoria Przysz\u0142o\u015bci. To 16 ekip edukator\u00f3w, kt\u00f3re prowadz\u0105 warsztaty z wykorzystaniem nowoczesnego sprz\u0119tu dost\u0119pnego w szko\u0142ach dzi\u0119ki najwi\u0119kszemu rz\u0105dowemu programowi \u201eLaboratoria Przysz\u0142o\u015bci\u201d. Edukatorzy tworz\u0105 na miejscu przestrze\u0144 do zabawy i eksperyment\u00f3w, do kreatywnego my\u015blenia i szukania konstruktywnych rozwi\u0105za\u0144. Ucz\u0105 pracy zespo\u0142owej i odkrywania szkolnych supermocy, czyli naturalnych <\/p>\n","protected":false},"author":8,"featured_media":0,"parent":0,"menu_order":0,"comment_status":"closed","ping_status":"closed","template":"","meta":{"om_disable_all_campaigns":false,"footnotes":""},"class_list":["post-6404","page","type-page","status-publish","hentry"],"aioseo_notices":[],"_links":{"self":[{"href":"https:\/\/festiwal.ifps.org.pl\/en\/wp-json\/wp\/v2\/pages\/6404"}],"collection":[{"href":"https:\/\/festiwal.ifps.org.pl\/en\/wp-json\/wp\/v2\/pages"}],"about":[{"href":"https:\/\/festiwal.ifps.org.pl\/en\/wp-json\/wp\/v2\/types\/page"}],"author":[{"embeddable":true,"href":"https:\/\/festiwal.ifps.org.pl\/en\/wp-json\/wp\/v2\/users\/8"}],"replies":[{"embeddable":true,"href":"https:\/\/festiwal.ifps.org.pl\/en\/wp-json\/wp\/v2\/comments?post=6404"}],"version-history":[{"count":5,"href":"https:\/\/festiwal.ifps.org.pl\/en\/wp-json\/wp\/v2\/pages\/6404\/revisions"}],"predecessor-version":[{"id":6440,"href":"https:\/\/festiwal.ifps.org.pl\/en\/wp-json\/wp\/v2\/pages\/6404\/revisions\/6440"}],"wp:attachment":[{"href":"https:\/\/festiwal.ifps.org.pl\/en\/wp-json\/wp\/v2\/media?parent=6404"}],"curies":[{"name":"wp","href":"https:\/\/api.w.org\/{rel}","templated":true}]}}

Mobilne Laboratoria Przyszłości

<p>Z okazji tegorocznego Festiwalu w Kajetanach zagoszczą Mobilne Laboratoria Przyszłości. To 16 ekip edukatorów, które prowadzą warsztaty z wykorzystaniem nowoczesnego sprzętu dostępnego w szkołach dzięki największemu rządowemu programowi „Laboratoria Przyszłości”.</p>



<p>Edukatorzy tworzą na miejscu przestrzeń do zabawy i eksperymentów, do kreatywnego myślenia i szukania konstruktywnych rozwiązań. Uczą pracy zespołowej i odkrywania szkolnych supermocy, czyli naturalnych predyspozycji i talentów młodych ludzi. Dla jednych będą to pomysły na automatyzację, dla innych zbudowanie robota, dla innych jeszcze nauka podstaw programowania. Podczas warsztatów edukatorzy będą rozwijać zainteresowania umiejętnościami, które pozwolą uczniom wykorzystać technologię w sposób zgodny z predyspozycjami uczniów. Przeniesienie się w wirtualną rzeczywistość czy kręcenie filmu za pomocą najnowocześniejszej kamery to marzenia wielu młodych ludzi. Teraz – aby je spełnić – wystarczy chodzić do szkoły.&nbsp;</p>



<p>Zapraszamy naszych Pacjentów!</p>



<p><strong>Piątek 25.08.2023 w godzinach 10-18</strong></p>



<p><strong>Sobota 26.08.2023 w godzinach 13-18</strong></p>



<p></p>



<h2 class="wp-block-heading"></h2>



<figure class="wp-block-gallery has-nested-images columns-default is-cropped wp-block-gallery-1 is-layout-flex wp-block-gallery-is-layout-flex">
<figure class="wp-block-image size-large"><img loading="lazy" decoding="async" width="1024" height="683" data-id="6415" src="https://festiwal.ifps.org.pl/wp-content/uploads/2023/08/DSC_4009-1024x683.jpg" alt="" class="wp-image-6415" srcset="https://festiwal.ifps.org.pl/wp-content/uploads/2023/08/DSC_4009-1024x683.jpg 1024w, https://festiwal.ifps.org.pl/wp-content/uploads/2023/08/DSC_4009-300x200.jpg 300w, https://festiwal.ifps.org.pl/wp-content/uploads/2023/08/DSC_4009-768x513.jpg 768w, https://festiwal.ifps.org.pl/wp-content/uploads/2023/08/DSC_4009-1536x1025.jpg 1536w, https://festiwal.ifps.org.pl/wp-content/uploads/2023/08/DSC_4009-2048x1367.jpg 2048w, https://festiwal.ifps.org.pl/wp-content/uploads/2023/08/DSC_4009-200x133.jpg 200w, https://festiwal.ifps.org.pl/wp-content/uploads/2023/08/DSC_4009-480x320.jpg 480w, https://festiwal.ifps.org.pl/wp-content/uploads/2023/08/DSC_4009-221x147.jpg 221w" sizes="(max-width: 1024px) 100vw, 1024px" /></figure>



<figure class="wp-block-image size-large"><img loading="lazy" decoding="async" width="1024" height="683" data-id="6427" src="https://festiwal.ifps.org.pl/wp-content/uploads/2023/08/DSC_6380-1024x683.jpg" alt="" class="wp-image-6427" srcset="https://festiwal.ifps.org.pl/wp-content/uploads/2023/08/DSC_6380-1024x683.jpg 1024w, https://festiwal.ifps.org.pl/wp-content/uploads/2023/08/DSC_6380-300x200.jpg 300w, https://festiwal.ifps.org.pl/wp-content/uploads/2023/08/DSC_6380-768x512.jpg 768w, https://festiwal.ifps.org.pl/wp-content/uploads/2023/08/DSC_6380-1536x1024.jpg 1536w, https://festiwal.ifps.org.pl/wp-content/uploads/2023/08/DSC_6380-2048x1365.jpg 2048w, https://festiwal.ifps.org.pl/wp-content/uploads/2023/08/DSC_6380-200x133.jpg 200w, https://festiwal.ifps.org.pl/wp-content/uploads/2023/08/DSC_6380-480x320.jpg 480w, https://festiwal.ifps.org.pl/wp-content/uploads/2023/08/DSC_6380-221x147.jpg 221w" sizes="(max-width: 1024px) 100vw, 1024px" /></figure>



<figure class="wp-block-image size-large"><img loading="lazy" decoding="async" width="1024" height="683" data-id="6433" src="https://festiwal.ifps.org.pl/wp-content/uploads/2023/08/FKR_1516-1024x683.jpg" alt="" class="wp-image-6433" srcset="https://festiwal.ifps.org.pl/wp-content/uploads/2023/08/FKR_1516-1024x683.jpg 1024w, https://festiwal.ifps.org.pl/wp-content/uploads/2023/08/FKR_1516-300x200.jpg 300w, https://festiwal.ifps.org.pl/wp-content/uploads/2023/08/FKR_1516-768x512.jpg 768w, https://festiwal.ifps.org.pl/wp-content/uploads/2023/08/FKR_1516-1536x1024.jpg 1536w, https://festiwal.ifps.org.pl/wp-content/uploads/2023/08/FKR_1516-2048x1365.jpg 2048w, https://festiwal.ifps.org.pl/wp-content/uploads/2023/08/FKR_1516-200x133.jpg 200w, https://festiwal.ifps.org.pl/wp-content/uploads/2023/08/FKR_1516-480x320.jpg 480w, https://festiwal.ifps.org.pl/wp-content/uploads/2023/08/FKR_1516-221x147.jpg 221w" sizes="(max-width: 1024px) 100vw, 1024px" /></figure>
</figure>



<h2 class="wp-block-heading">Więcej: <a href="https://ibe.edu.pl/index.php/pl/aktualnosci/1916-mobilne-laboratoria-przyszlosci-najnowsze-technologie-dla-wszystkich-uczniow">https://ibe.edu.pl/index.php/pl/aktualnosci/1916-mobilne-laboratoria-przyszlosci-najnowsze-technologie-dla-wszystkich-uczniow</a></h2>

<p>Z okazji tegorocznego Festiwalu w Kajetanach zagoszczą Mobilne Laboratoria Przyszłości. To 16 ekip edukatorów, które prowadzą warsztaty z wykorzystaniem nowoczesnego sprzętu dostępnego w szkołach dzięki największemu rządowemu programowi „Laboratoria Przyszłości”. Edukatorzy tworzą na miejscu przestrzeń do zabawy i eksperymentów, do kreatywnego myślenia i szukania konstruktywnych rozwiązań. Uczą pracy zespołowej i odkrywania szkolnych supermocy, czyli naturalnych </p>
